{"id":7,"date":"2016-08-17T19:38:07","date_gmt":"2016-08-17T18:38:07","guid":{"rendered":"http:\/\/anaisbayet.com\/?page_id=7"},"modified":"2025-11-25T17:21:37","modified_gmt":"2025-11-25T16:21:37","slug":"coaching","status":"publish","type":"page","link":"https:\/\/anaisbayet.com\/index.php\/coaching\/","title":{"rendered":"Coaching Bien-\u00catre &amp; Yoga \u2013 Revenir \u00e0 soi"},"content":{"rendered":"<h3>Qu&rsquo;est-ce que le coaching bien-\u00eatre et Yoga ?<\/h3>\n<p data-start=\"904\" data-end=\"1113\">C&rsquo;est un espace pour souffler, se recentrer, retrouver son \u00e9nergie.<\/p>\n<p data-start=\"904\" data-end=\"1113\">Je vous accompagne en s\u00e9ance individuelle, \u00e0 travers une approche douce m\u00ealant yoga adapt\u00e9, respiration consciente, relaxation, coaching et art-th\u00e9rapie.<\/p>\n<p data-start=\"1120\" data-end=\"1247\">Pour les personnes en reconstruction, en recherche d\u2019apaisement, ou souhaitant approfondir leur pratique du yoga en conscience.<\/p>\n\n\n<figure class=\"wp-block-image size-medium is-style-rounded\"><img loading=\"lazy\" decoding=\"async\" width=\"744\" height=\"496\" src=\"https:\/\/anaisbayet.com\/wp-content\/uploads\/2025\/11\/pexels-julio-lopez-75309646-29469330-744x496.jpg\" alt=\"\" class=\"wp-image-1417\" srcset=\"https:\/\/anaisbayet.com\/wp-content\/uploads\/2025\/11\/pexels-julio-lopez-75309646-29469330-744x496.jpg 744w, https:\/\/anaisbayet.com\/wp-content\/uploads\/2025\/11\/pexels-julio-lopez-75309646-29469330-1200x800.jpg 1200w, https:\/\/anaisbayet.com\/wp-content\/uploads\/2025\/11\/pexels-julio-lopez-75309646-29469330-420x280.jpg 420w, https:\/\/anaisbayet.com\/wp-content\/uploads\/2025\/11\/pexels-julio-lopez-75309646-29469330-768x512.jpg 768w, https:\/\/anaisbayet.com\/wp-content\/uploads\/2025\/11\/pexels-julio-lopez-75309646-29469330-1536x1024.jpg 1536w\" sizes=\"auto, (max-width: 706px) 89vw, (max-width: 767px) 82vw, 740px\" \/><\/figure>\n\n\n\n<p>Je vous accompagne \u00e0 travers une approche douce et personnalis\u00e9e, m\u00ealant yoga th\u00e9rapeutique, exercices d\u2019ancrage, respiration consciente et moments de pleine pr\u00e9sence. L\u2019\u00e9coute active, les outils de coaching et de PNL soutiennent le cheminement, tandis que les m\u00e9diations cr\u00e9atives sont propos\u00e9es lorsque cela s\u2019av\u00e8re juste. Chaque s\u00e9ance vous invite \u00e0 revenir dans votre corps, \u00e0 retrouver votre rythme naturel et \u00e0 respirer plus librement au c\u0153ur de votre quotidien.<\/p>\n\n\n\n<h2 class=\"wp-block-heading\"><strong>Pour qui ?<\/strong><\/h2>\n\n\n\n<ul class=\"wp-block-list\">\n<li>personnes en burn-out ou en fatigue chronique<\/li>\n\n\n\n<li>personnes qui se sentent dispers\u00e9es, coup\u00e9es de leur corps<\/li>\n\n\n\n<li>personnes qui veulent approfondir leur pratique du yoga<\/li>\n\n\n\n<li>personnes en transition de vie, stress, charge mentale<\/li>\n\n\n\n<li>personnes hypersensibles cherchant un espace de calme<\/li>\n<\/ul>\n\n\n\n<h2 class=\"wp-block-heading\"><strong>Format des s\u00e9ances<\/strong><\/h2>\n\n\n\n<h3 class=\"wp-block-heading\"><strong>S\u00e9ance d\u00e9couverte \u2013 1h15 \u2013 60 \u20ac<\/strong><\/h3>\n\n\n\n<p>Pour faire le point, exprimer vos besoins et exp\u00e9rimenter l\u2019accompagnement.<\/p>\n\n\n\n<h3 class=\"wp-block-heading\"><strong>Parcours Revenir \u00e0 Soi \u2013 3 s\u00e9ances \u2013 165 \u20ac<\/strong><\/h3>\n\n\n\n<p>Un mois pour retrouver souffle, ancrage et clart\u00e9.<br>\u2713 s\u00e9ances espac\u00e9es d\u2019une \u00e0 deux semaines<\/p>\n\n\n\n<h2 class=\"wp-block-heading\"><strong>Comment se d\u00e9roule une s\u00e9ance ?<\/strong><\/h2>\n\n\n\n<ul class=\"wp-block-list\">\n<li>accueil &amp; discussion douce<\/li>\n\n\n\n<li>\u00e9coute des besoins du moment<\/li>\n\n\n\n<li>exercices corporels (yoga adapt\u00e9 \/ respiration)<\/li>\n\n\n\n<li>temps de recentrage<\/li>\n\n\n\n<li>int\u00e9gration finale<\/li>\n\n\n\n<li>propositions simples \u00e0 int\u00e9grer au quotidien<\/li>\n<\/ul>\n\n\n\n<h2 class=\"wp-block-heading\"><strong>Lieu &amp; modalit\u00e9s<\/strong><\/h2>\n\n\n\n<ul class=\"wp-block-list\">\n<li>En pr\u00e9sentiel \u00e0 Saint-Hubert<\/li>\n\n\n\n<li>Cr\u00e9neaux disponibles * : \n<ul class=\"wp-block-list\">\n<li>lundi matin &#8211; jeudi matin et d\u00e9but d&rsquo;apr\u00e8s-midi &#8211; vendredi apr\u00e8s-midi <br>* Si aucun cr\u00e9neau ne vous convient, n&rsquo;h\u00e9sitez pas \u00e0 me contacter pour que nous puissions trouver un autre moment plus opportun. (ex : cong\u00e9s scolaires, &#8230;)<\/li>\n<\/ul>\n<\/li>\n\n\n\n<li>En pr\u00e9sentiel \u00e0 Marche-En-Famenne (E-Square)<\/li>\n<\/ul>\n","protected":false},"excerpt":{"rendered":"<p>Qu&rsquo;est-ce que le coaching bien-\u00eatre et Yoga ? C&rsquo;est un espace pour souffler, se recentrer, retrouver son \u00e9nergie. Je vous accompagne en s\u00e9ance individuelle, \u00e0 travers une approche douce m\u00ealant yoga adapt\u00e9, respiration consciente, relaxation, coaching et art-th\u00e9rapie. Pour les personnes en reconstruction, en recherche d\u2019apaisement, ou souhaitant approfondir leur pratique du yoga en conscience. &hellip; <\/p>\n<p class=\"link-more\"><a href=\"https:\/\/anaisbayet.com\/index.php\/coaching\/\" class=\"more-link\">Continuer la lecture<span class=\"screen-reader-text\"> de &laquo;&nbsp;Coaching Bien-\u00catre &amp; Yoga \u2013 Revenir \u00e0 soi&nbsp;&raquo;<\/span><\/a><\/p>\n","protected":false},"author":1,"featured_media":0,"parent":0,"menu_order":1,"comment_status":"closed","ping_status":"closed","template":"","meta":{"om_disable_all_campaigns":false,"_monsterinsights_skip_tracking":false,"_monsterinsights_sitenote_active":false,"_monsterinsights_sitenote_note":"","_monsterinsights_sitenote_category":0,"_uf_show_specific_survey":0,"_uf_disable_surveys":false,"footnotes":""},"class_list":["post-7","page","type-page","status-publish","hentry"],"aioseo_notices":[],"_links":{"self":[{"href":"https:\/\/anaisbayet.com\/index.php\/wp-json\/wp\/v2\/pages\/7","targetHints":{"allow":["GET"]}}],"collection":[{"href":"https:\/\/anaisbayet.com\/index.php\/wp-json\/wp\/v2\/pages"}],"about":[{"href":"https:\/\/anaisbayet.com\/index.php\/wp-json\/wp\/v2\/types\/page"}],"author":[{"embeddable":true,"href":"https:\/\/anaisbayet.com\/index.php\/wp-json\/wp\/v2\/users\/1"}],"replies":[{"embeddable":true,"href":"https:\/\/anaisbayet.com\/index.php\/wp-json\/wp\/v2\/comments?post=7"}],"version-history":[{"count":5,"href":"https:\/\/anaisbayet.com\/index.php\/wp-json\/wp\/v2\/pages\/7\/revisions"}],"predecessor-version":[{"id":1419,"href":"https:\/\/anaisbayet.com\/index.php\/wp-json\/wp\/v2\/pages\/7\/revisions\/1419"}],"wp:attachment":[{"href":"https:\/\/anaisbayet.com\/index.php\/wp-json\/wp\/v2\/media?parent=7"}],"curies":[{"name":"wp","href":"https:\/\/api.w.org\/{rel}","templated":true}]}}

Coaching Bien-Être &amp; Yoga – Revenir à soi

<h3>Qu&rsquo;est-ce que le coaching bien-être et Yoga ?</h3>
<p data-start="904" data-end="1113">C&rsquo;est un espace pour souffler, se recentrer, retrouver son énergie.</p>
<p data-start="904" data-end="1113">Je vous accompagne en séance individuelle, à travers une approche douce mêlant yoga adapté, respiration consciente, relaxation, coaching et art-thérapie.</p>
<p data-start="1120" data-end="1247">Pour les personnes en reconstruction, en recherche d’apaisement, ou souhaitant approfondir leur pratique du yoga en conscience.</p>


<figure class="wp-block-image size-medium is-style-rounded"><img loading="lazy" decoding="async" width="744" height="496" src="https://anaisbayet.com/wp-content/uploads/2025/11/pexels-julio-lopez-75309646-29469330-744x496.jpg" alt="" class="wp-image-1417" srcset="https://anaisbayet.com/wp-content/uploads/2025/11/pexels-julio-lopez-75309646-29469330-744x496.jpg 744w, https://anaisbayet.com/wp-content/uploads/2025/11/pexels-julio-lopez-75309646-29469330-1200x800.jpg 1200w, https://anaisbayet.com/wp-content/uploads/2025/11/pexels-julio-lopez-75309646-29469330-420x280.jpg 420w, https://anaisbayet.com/wp-content/uploads/2025/11/pexels-julio-lopez-75309646-29469330-768x512.jpg 768w, https://anaisbayet.com/wp-content/uploads/2025/11/pexels-julio-lopez-75309646-29469330-1536x1024.jpg 1536w" sizes="auto, (max-width: 706px) 89vw, (max-width: 767px) 82vw, 740px" /></figure>



<p>Je vous accompagne à travers une approche douce et personnalisée, mêlant yoga thérapeutique, exercices d’ancrage, respiration consciente et moments de pleine présence. L’écoute active, les outils de coaching et de PNL soutiennent le cheminement, tandis que les médiations créatives sont proposées lorsque cela s’avère juste. Chaque séance vous invite à revenir dans votre corps, à retrouver votre rythme naturel et à respirer plus librement au cœur de votre quotidien.</p>



<h2 class="wp-block-heading"><strong>Pour qui ?</strong></h2>



<ul class="wp-block-list">
<li>personnes en burn-out ou en fatigue chronique</li>



<li>personnes qui se sentent dispersées, coupées de leur corps</li>



<li>personnes qui veulent approfondir leur pratique du yoga</li>



<li>personnes en transition de vie, stress, charge mentale</li>



<li>personnes hypersensibles cherchant un espace de calme</li>
</ul>



<h2 class="wp-block-heading"><strong>Format des séances</strong></h2>



<h3 class="wp-block-heading"><strong>Séance découverte – 1h15 – 60 €</strong></h3>



<p>Pour faire le point, exprimer vos besoins et expérimenter l’accompagnement.</p>



<h3 class="wp-block-heading"><strong>Parcours Revenir à Soi – 3 séances – 165 €</strong></h3>



<p>Un mois pour retrouver souffle, ancrage et clarté.<br>✓ séances espacées d’une à deux semaines</p>



<h2 class="wp-block-heading"><strong>Comment se déroule une séance ?</strong></h2>



<ul class="wp-block-list">
<li>accueil &amp; discussion douce</li>



<li>écoute des besoins du moment</li>



<li>exercices corporels (yoga adapté / respiration)</li>



<li>temps de recentrage</li>



<li>intégration finale</li>



<li>propositions simples à intégrer au quotidien</li>
</ul>



<h2 class="wp-block-heading"><strong>Lieu &amp; modalités</strong></h2>



<ul class="wp-block-list">
<li>En présentiel à Saint-Hubert</li>



<li>Créneaux disponibles * : 
<ul class="wp-block-list">
<li>lundi matin &#8211; jeudi matin et début d&rsquo;après-midi &#8211; vendredi après-midi <br>* Si aucun créneau ne vous convient, n&rsquo;hésitez pas à me contacter pour que nous puissions trouver un autre moment plus opportun. (ex : congés scolaires, &#8230;)</li>
</ul>
</li>



<li>En présentiel à Marche-En-Famenne (E-Square)</li>
</ul>

<p>Qu&rsquo;est-ce que le coaching bien-être et Yoga ? C&rsquo;est un espace pour souffler, se recentrer, retrouver son énergie. Je vous accompagne en séance individuelle, à travers une approche douce mêlant yoga adapté, respiration consciente, relaxation, coaching et art-thérapie. Pour les personnes en reconstruction, en recherche d’apaisement, ou souhaitant approfondir leur pratique du yoga en conscience. &hellip; </p>
<p class="link-more"><a href="https://anaisbayet.com/index.php/coaching/" class="more-link">Continuer la lecture<span class="screen-reader-text"> de &laquo;&nbsp;Coaching Bien-Être &amp; Yoga – Revenir à soi&nbsp;&raquo;</span></a></p>
